?
5
Let m(a) = 3*a**3 - 7*a**2 - 10*a - 2. Let v be m(7). Suppose 5*n = 5*l - l + v, 2*l = 8. Suppose n = 2*h + 2*d, -h - d + 73 = 2*d. What is the tens digit of h?
5
Let f = 7 + -4. Suppose d - 11*m - 16 = -6*m, -80 = -4*d + 4*m. Suppose -5*b = -g - 11 + 4, 0 = f*b + 5*g - d. What is the units digit of b?
2
What is the thousands digit of 1/(-5 + 18933/3786)?
1
Suppose 3*f - 14 = 1. Suppose -2*r = 4*y - 272, f*y + 2*r = 34 + 306. Suppose -3*h + h = -y. What is the units digit of h?
4
Suppose 3*h + 0*h = 42. Let m be (2/(-4))/((-1)/h). What is the units digit of -7 + m - -5*1?
5
Suppose 14*u = 8*u - 6. Let b(x) = -56*x**3 - 4*x**2 - 4*x - 1. What is the tens digit of b(u)?
5
Let r(l) = l**3 + 7*l**2 - 13*l**2 - 5*l - l - 7. Let a be r(7). Suppose 5*o - 99 - 116 = a. What is the tens digit of o?
4
Let i be 1 - 2 - (0 - -15). Let f = -68 - -96. Let l = f + i. What is the tens digit of l?
1
Suppose 2*y = z + 4489, 3*y + 3*z - 6738 = -0*z. What is the thousands digit of y?
2
Let j(c) = 174*c + 41. What is the units digit of j(6)?
5
Let w(r) = -273*r + 367. What is the hundreds digit of w(-8)?
5
Let d be (-9)/(-18) - 2/4. Suppose d = -m - 2*k + 28, 2*m - k + 4*k = 57. What is the tens digit of m?
3
Let y = 5 - 1. Suppose v + 3*v = -4*q - 4, -y*q = -2*v - 14. Suppose -5*z - 7*t + 2*t = -55, 5*z - 34 = q*t. What is the units digit of z?
8
Let y(g) be the first derivative of 0*g**2 + 0*g - 1 + 25/3*g**3. What is the tens digit of y(-1)?
2
Let s(b) = b**2 - 24*b - 15. Let z be s(15). What is the tens digit of (z/375)/((-1)/(-295)*-1)?
1
Let d = -210 - -356. What is the tens digit of d?
4
Let s = 6988 + -4493. What is the hundreds digit of s?
4
Suppose 8 = 7*s - 6*s. Suppose -11*f + 42 = -s*f. What is the units digit of f?
4
Let k(q) = -56*q**3 + 5*q**2 - 2*q - 22. What is the hundreds digit of k(-3)?
5
Suppose 3*p = 2*t + 1093, 14*p - 16*p + t = -729. What is the hundreds digit of p?
3
Suppose -2*y + 922 = 4*a, -y - y = 2*a - 458. What is the tens digit of a?
3
Suppose 2*l - 73 = -5*s + 4*l, -4*l = 4*s - 64. Suppose s = 4*u - 5. Suppose u*d - 57 = 4*j, -2*j + 0*j = -4*d + 42. What is the units digit of d?
9
Let w = 62 - -4024. What is the hundreds digit of w?
0
Let p = 2 + 4. Suppose 0 = 3*g - 3*q + p*q - 21, g - 3*q + 13 = 0. Suppose -m - 5 = -g*m. What is the units digit of m?
5
Suppose -75*k + 153*k = 268476. What is the thousands digit of k?
3
Suppose 2*p = -4*i - 0*i + 1614, 5*i = -2*p + 2018. What is the units digit of i?
4
Let z(v) = 203*v - 292. What is the hundreds digit of z(8)?
3
Let s = -60 + 33. Suppose -5*v - 4*b = -200, 2*v - 3*b - b = 80. Let p = v + s. What is the tens digit of p?
1
What is the hundreds digit of -3 + 2 - (-21 - 1717)?
7
Let w be (2 + -3)/(5/(-5)). Let c be 1256/24 - w/3. Let s = -27 + c. What is the tens digit of s?
2
Let f = -2859 + 4097. What is the hundreds digit of f?
2
Suppose -5*z + 103 = -6*z. Let g = -58 - z. Suppose -61 = -4*s - 3*l, -l - g = -3*s + 4. What is the units digit of s?
6
Let y(i) = 16*i + 7*i**2 + 4*i - 24*i + 19. What is the hundreds digit of y(6)?
2
Let j = 0 - -4. Let i = j + -2. Suppose -5*g = -i*g - 27. What is the units digit of g?
9
Let s(c) = -c**2 + 9*c - 9. Let m be s(8). Let t(y) = -2*y - 561 - y**2 + 283 - 19*y**3 + 277. What is the tens digit of t(m)?
1
Let c(l) be the second derivative of -l**4/12 - 4*l**3/3 - l**2 - 2*l. Suppose 0 = -16*u - 52 - 12. What is the tens digit of c(u)?
1
Let x(s) = 9*s - 8. Let d(b) = -b - 3. Let h be d(-7). Let t be x(h). Suppose -5*y = -t - 2. What is the units digit of y?
6
Suppose 5*v = 2*c - 71, -4*c + 147 = 4*v - 9*v. Suppose -7*p + 5*p + c = 0. What is the tens digit of p?
1
Let i(r) = 7*r - 50. What is the units digit of i(11)?
7
Let l be (5 + -5 + 0)/2. What is the tens digit of l - -2*(5 + 5)?
2
Suppose -3*b = -971 - 3559. What is the units digit of b?
0
Let k = 10 + -9. Let l be (-2 + k)*2*1. What is the tens digit of ((-147)/(-14))/(l/(-4))?
2
Suppose -2*a - 6 = -5*a. Suppose 0 = -c + 3*r + 42, -a*c - 2*r + 129 = r. Let n = 101 - c. What is the tens digit of n?
4
Suppose -2*o - t - 2*t + 127 = 0, -3*o + 4*t = -165. Suppose -o = -w + 69. What is the hundreds digit of w?
1
Let s be ((-132)/5)/(1/(-50)*3). Suppose -12*d = -16*d + s. What is the hundreds digit of d?
1
Suppose -2*t + 0*w - 6 = -4*w, w = -t + 9. Let h = -1 - t. Let o = h + 39. What is the units digit of o?
3
Suppose -23 + 78 = 11*o. Suppose -o*m = -243 - 22. What is the tens digit of m?
5
Let a = 1454 - 1111. What is the units digit of a?
3
Suppose -119 = 2*s - 527. Suppose -10*y + s = -6*y. What is the tens digit of y?
5
Suppose 5*d + 1 + 9 = 0. Let a be (-39)/d - (-5)/10. Let r = 64 - a. What is the units digit of r?
4
Suppose 11*c + 20 = 15*c. Let i(v) = 3*v**2 - v + 6. Let z be i(c). Suppose -4*q - 4*k = 20 - z, -3*q + 21 = -4*k. What is the units digit of q?
1
Let r(m) = -19*m - 38. Let q be r(-8). What is the hundreds digit of 1*q*116/87?
1
Let y = -45 - -48. Suppose -649 = -y*g + 2*s, 3*g + 273 - 932 = 4*s. What is the hundreds digit of g?
2
Suppose s - 99 = -30. Suppose 33 = -g + s. What is the tens digit of g?
3
Let d(i) = -2*i**2 + 76*i - 89. What is the tens digit of d(35)?
2
Suppose 10*v + 69 = 2*o + 7*v, 0 = -4*o - 4*v + 148. What is the tens digit of o?
3
Suppose 15 = 3*a - 2*a. Suppose a*w - 12*w = 150. Suppose 0 = 2*f - 4*o - 70, -5*f + 5*o - w = -200. What is the units digit of f?
5
What is the tens digit of (-6 - -5)*(1 + -1025) - 2?
2
Let o = -10 + 88. What is the units digit of o?
8
Let w(o) = -8*o**2 + 21*o - 4. Let g(k) = -k**2 + k - 1. Let i(p) = 6*g(p) - w(p). What is the units digit of i(8)?
6
Let n(q) = 2*q**3 - 7*q**2 + 8*q - 6. Let s be n(4). Suppose -1344 = 34*g - s*g. What is the tens digit of g?
6
Let b be (-5816)/(-72) - (-2)/9 - -1. Let u = b + 1. What is the units digit of u?
3
Let h be 2408/18 - (-46)/207. Let n = 187 - h. What is the tens digit of n?
5
What is the hundreds digit of ((-7614)/(-36))/(9/6 + -1)?
4
Let i(y) = -y**2. Let o(q) = -13*q**2 + q. Let j(x) = 6*i(x) - o(x). Let p be j(1). Let g = 10 - p. What is the units digit of g?
4
Suppose -4*c + 1432 = -4*t, 3*c - 2*t - 492 - 587 = 0. What is the hundreds digit of c?
3
Let m(g) = -6*g + g - 4 + 4*g. Let c be m(-8). Suppose -c*f = 4*t - 200, -5*t - 2*f + 4*f = -250. What is the tens digit of t?
5
Suppose -25 = -11*x + 6*x. Let p be 16/10*15/6. What is the units digit of 14/2 - (p - x)?
8
Suppose -1227 = -b - 2*q, 2494 = -6*b + 8*b - 4*q. What is the units digit of b?
7
Let m = -2251 - -3580. What is the tens digit of m?
2
Let v(m) = -3*m - 5. Let f be v(-3). Suppose -3*q + 63 = f*t, 0 = 4*q - 6*q - 5*t + 42. What is the tens digit of q?
2
Suppose -s - 4*m + 7*m + 336 = 0, 4*s - 1404 = -3*m. What is the units digit of s?
8
Let j = 10668 + -6294. What is the thousands digit of j?
4
Let m(r) = r**2 - r. Let h(a) = a**3 - 10*a**2. Let v be h(10). Let g be m(v). Suppose g = -6*o + 4*o + 2. What is the units digit of o?
1
Let f(v) = -v**3 - 3*v**2 - 11*v + 2. What is the units digit of f(-6)?
6
Let p = -2 + 13. Suppose -p + 2 = 3*r. Let z = 25 + r. What is the units digit of z?
2
What is the units digit of -19 - -26 - (-706 + 0)?
3
Let j(p) = -1942*p + 29. What is the units digit of j(-1)?
1
Let d = 283 - -126. What is the units digit of d?
9
Let v = 53 + -18. Suppose v - 287 = -2*w. What is the hundreds digit of w?
1
Let l be (3 - (1 + -2)) + 53. Let u = 128 - l. What is the units digit of u?
1
Let r(z) = 0*z**3 + 4*z**3 + 2*z**3 + 2*z**2 - 4 - z. What is the units digit of r(2)?
0
Suppose 3*j - 8*j + 60 = 4*d, 5*d - 36 = -3*j. Suppose 200 = 3*g - 2*v + 4*v, -3*v = -j. What is the units digit of g?
4
Let t be 6*(-30)/2*65/(-26). Suppose -9 = -3*x + t. What is the tens digit of x?
7
Let v(m) = -m**3 - 7*m**2 - 8*m + 4. What is the units digit of v(-6)?
6
What is the tens digit of 75 - 84/(-18)*3/(-2)?
6
Suppose 4*l - 3466 = 4*u + 7198, 0 = -5*l - 2*u + 13295. What is the units digit of l?
1
What is the hundreds digit of ((4 - (-12)/(-4)) + -269)/(-1)?
2
Let u be 3/7 + 351/63. Suppose 0 = -5*o + u + 9. Suppose o*f = -40 + 118. What is the units digit of f?
6
Suppose 10*h + 0*h = 6760. What is the units digit of h?
6
Let c = -2910 + 4820. What is the units digit of c?
0
Let a be -1 - (-2)/(1